86?
45
What is the remainder when 228 is divided by 78?
72
Calculate the remainder when 344 is divided by 39.
32
Calculate the remainder when 755 is divided by 17.
7
What is the remainder when 583 is divided by 17?
5
Calculate the remainder when 403 is divided by 119.
46
What is the remainder when 9828 is divided by 517?
5
Calculate the remainder when 132 is divided by 107.
25
Calculate the remainder when 13 is divided by 11.
2
What is the remainder when 392 is divided by 44?
40
Calculate the remainder when 62 is divided by 11.
7
What is the remainder when 584 is divided by 84?
80
Calculate the remainder when 1856 is divided by 36.
20
What is the remainder when 203 is divided by 13?
8
What is the remainder when 649 is divided by 21?
19
Calculate the remainder when 7613 is divided by 127.
120
Calculate the remainder when 112 is divided by 56.
0
Calculate the remainder when 9755 is divided by 32.
27
What is the remainder when 530 is divided by 132?
2
What is the remainder when 587 is divided by 14?
13
Calculate the remainder when 1547 is divided by 86.
85
What is the remainder when 6380 is divided by 15?
5
What is the remainder when 92 is divided by 88?
4
Calculate the remainder when 960 is divided by 118.
16
What is the remainder when 1149 is divided by 284?
13
Calculate the remainder when 138 is divided by 10.
8
What is the remainder when 231 is divided by 41?
26
Calculate the remainder when 41 is divided by 15.
11
What is the remainder when 8068 is divided by 29?
6
What is the remainder when 2637 is divided by 203?
201
What is the remainder when 2792 is divided by 35?
27
Calculate the remainder when 2335 is divided by 578.
23
Calculate the remainder when 1085 is divided by 1.
0
Calculate the remainder when 2270 is divided by 20.
10
Calculate the remainder when 171 is divided by 79.
13
What is the remainder when 3958 is divided by 18?
16
What is the remainder when 737 is divided by 44?
33
Calculate the remainder when 174 is divided by 85.
4
Calculate the remainder when 459 is divided by 14.
11
What is the remainder when 143 is divided by 33?
11
What is the remainder when 1480 is divided by 36?
4
What is the remainder when 9830 is divided by 149?
145
What is the remainder when 840 is divided by 141?
135
Calculate the remainder when 189 is divided by 15.
9
Calculate the remainder when 2975 is divided by 31.
30
What is the remainder when 61 is divided by 27?
7
Calculate the remainder when 314 is divided by 296.
18
What is the remainder when 1186 is divided by 35?
31
Calculate the remainder when 806 is divided by 163.
154
Calculate the remainder when 27 is divided by 10.
7
What is the remainder when 97 is divided by 15?
7
Calculate the remainder when 2804 is divided by 85.
84
Calculate the remainder when 303 is divided by 39.
30
What is the remainder when 127 is divided by 71?
56
What is the remainder when 1214 is divided by 38?
36
What is the remainder when 328 is divided by 99?
31
What is the remainder when 473 is divided by 78?
5
Calculate the remainder when 19240 is divided by 71.
70
What is the remainder when 655 is divided by 14?
11
Calculate the remainder when 242 is divided by 12.
2
Calculate the remainder when 81 is divided by 47.
34
What is the remainder when 362 is divided by 14?
12
What is the remainder when 305 is divided by 7?
4
Calculate the remainder when 1699 is divided by 50.
49
What is the remainder when 202 is divided by 31?
16
What is the remainder when 1086 is divided by 539?
8
What is the remainder when 19343 is divided by 78?
77
Calculate the remainder when 119 is divided by 53.
13
Calculate the remainder when 427 is divided by 90.
67
What is the remainder when 164 is divided by 63?
38
Calculate the remainder when 60 is divided by 9.
6
Calculate the remainder when 6624 is divided by 47.
44
Calculate the remainder when 5108 is divided by 5.
3
What is the remainder when 69027 is divided by 65?
62
What is the remainder when 1286 is divided by 426?
8
Calculate the remainder when 775 is divided by 197.
184
Calculate the remainder when 12639 is divided by 16.
15
What is the remainder when 148 is divided by 22?
16
Calculate the remainder when 78 is divided by 19.
2
Calculate the remainder when 2711 is divided by 24.
23
What is the remainder when 773 is divided by 362?
49
What is the remainder when 106 is divided by 55?
51
What is the remainder when 2193 is divided by 169?
165
What is the remainder when 1033 is divided by 14?
11
Calculate the remainder when 1519 is divided by 13.
11
What is the remainder when 233 is divided by 199?
34
Calculate the remainder when 847 is divided by 157.
62
What is the remainder when 1602 is divided by 73?
69
Calculate the remainder when 347 is divided by 127.
93
Calculate the remainder when 2178 is divided by 181.
6
Calculate the remainder when 621 is divided by 33.
27
What is the remainder when 212 is divided by 72?
68
What is the remainder when 3553 is divided by 23?
11
Calculate the remainder when 449 is divided by 149.
2
What is the remainder when 1350 is divided by 57?
39
What is the remainder when 2192 is divided by 36?
32
Calculate the remainder when 3683 is divided by 11.
9
What is the remainder when 374 is divided by 124?
2
Calculate the remainder when 838 is divided by 21.
19
Calculate the remainder when 54 is divided by 28.
26
Calculate the remainder when 11230 is divided by 27.
25
What is the remainder when 424 is divided by 71?
69
Calculate the remainder when 43 is divided by 4.
3
Calculate the remainder when 150 is divided by 59.
32
What is the remainder when 1411 is divided by 701?
9
What is the remainder when 6200 is divided by 100?
0
Calculate the remainder when 623 is divided by 347.
276
Calculate the remainder when 4728 is divided by 86.
84
What is the remainder when 190 is divided by 77?
36
Calculate the remainder when 165 is divided by 28.
25
Calculate the remainder when 499 is divided by 249.
1
What is the remainder when 32 is divided by 14?
4
Calculate the remainder when 297 is divided by 13.
11
Calculate the remainder when 59 is divided by 12.
11
Calculate the remainder when 363 is divided by 98.
69
Calculate the remainder when 169 is divided by 43.
40
What is the remainder when 37 is divided by 9?
1
Calculate the remainder when 17 is divided by 13.
4
What is the remainder when 363 is divided by 4?
3
Calculate the remainder when 116 is divided by 65.
51
Calculate the remainder when 216 is divided by 66.
18
Calculate the remainder when 1857 is divided by 111.
81
Calculate the remainder when 2481 is divided by 36.
33
Calculate the remainder when 93 is divided by 29.
6
What is the remainder when 47 is divided by 10?
7
What is the remainder when 1911 is divided by 954?
3
What is the remainder when 37 is divided by 12?
1
Calculate the remainder when 87 is divided by 18.
15
Calculate the remainder when 680 is divided by 22.
20
What is the remainder when 123 is divided by 32?
27
What is the remainder when 113 is divided by 64?
49
Calculate the remainder when 550 is divided by 14.
4
Calculate the remainder when 43 is divided by 24.
19
Calculate the remainder when 3344 is divided by 55.
44
What is the remainder when 164 is divided by 42?
38
What is the remainder when 1624 is divided by 180?
4
Calculate the remainder when 4087 is divided by 146.
145
What is the remainder when 1536 is divided by 44?
40
Calculate the remainder when 191 is divided by 172.
19
What is the remainder when 70 is divided by 70?
0
What is the remainder when 245 is divided by 51?
41
What is the remainder when 43 is divided by 42?
1
Calculate the remainder when 940 is divided by 16.
12
What is the remainder when 873 is divided by 211?
29
What is the remainder when 875 is divided by 20?
15
Calculate the remainder when 96 is divided by 27.
15
What is the remainder when 1127 is divided by 67?
55
Calculate the remainder when 89 is divided by 34.
21
What is the remainder when 852 is divided by 246?
114
Calculate the remainder when 71 is divided by 29.
13
Calculate the remainder when 1018 is divided by 115.
98
Calculate the remainder when 151 is divided by 38.
37
What is the remainder when 76 is divided by 21?
13
What is the remainder when 309 is divided by 43?
8
Calculate the remainder when 1306 is divided by 99.
